03004
In base 11, what is -9455055 - -5?
-9455050
In base 9, what is 1487 - -12550?
14147
In base 15, what is -9a25 + 1b72?
-7da3
In base 3, what is -11220212100 + 120121?
-11220021202
In base 16, what is 6 + -8f963?
-8f95d
In base 12, what is 14 + 207218?
207230
In base 14, what is -7a1 - -2061?
16a0
In base 8, what is -100702 - -176?
-100504
In base 11, what is 1259 - -30a03?
32161
In base 8, what is 1301 - 135674?
-134373
In base 14, what is -2 + 2b05d0?
2b05cc
In base 13, what is -5 + -19211b4?
-19211b9
In base 7, what is -5125 - 411132?
-416260
In base 13, what is 756c2a5 - 2?
756c2a3
In base 12, what is 143b - 29a5?
-1566
In base 2, what is 100000100 + -111000011011111111?
-111000010111111011
In base 13, what is -b49 + -ca97?
-10913
In base 14, what is -ba2 + -53c3?
-6185
In base 5, what is 33103332041 + 133?
33103332224
In base 14, what is 1b - 2191d8?
-2191bb
In base 10, what is -94749 - -3?
-94746
In base 2, what is -1000101 + 1111100000001100?
1111011111000111
In base 2, what is 1000010010111 + 1100101011110111?
1101101110001110
In base 4, what is 3 - -21121001032122?
21121001032131
In base 7, what is 34 - -20121440?
20121504
In base 10, what is -17888 - -2744?
-15144
In base 4, what is -20 - 22103122332?
-22103123012
In base 9, what is -456331741 - -2?
-456331738
In base 6, what is -250522 - 1125?
-252051
In base 15, what is 2dc1 + 8e9d?
bd6e
In base 5, what is 1011333043 + 10?
1011333103
In base 10, what is 1261 + -358709?
-357448
In base 12, what is -16 + 1264480?
1264466
In base 7, what is -41 - 33555363?
-33555434
In base 11, what is 16 + 13471?
13487
In base 10, what is 9 + -130944?
-130935
In base 8, what is -62072 + -342?
-62434
In base 13, what is -10 - -852a5?
85295
In base 5, what is 211443104234 + -2?
211443104232
In base 15, what is -9122 - 68?
-918a
In base 10, what is -3 + -656030?
-656033
In base 2, what is -1000 + 101100000011001010000?
101100000011001001000
In base 11, what is -91 + -2163a?
-21720
In base 2, what is 11000 + 1110111111110100010010?
1110111111110100101010
In base 6, what is 0 - 32044240045?
-32044240045
In base 14, what is -1 + 191c0b?
191c0a
In base 16, what is -c019 + -7ec?
-c805
In base 8, what is -23503221 + 2?
-23503217
In base 6, what is 5 - 11110543100?
-11110543051
In base 11, what is -2 + -13838096?
-13838098
In base 9, what is -13 - 1653583?
-1653606
In base 16, what is 0 + -7e9437?
-7e9437
In base 13, what is -1b09c14a + 9?
-1b09c141
In base 10, what is 2052713 + 68?
2052781
In base 13, what is 20aac43 + -4?
20aac3c
In base 9, what is -106271 + 40?
-106231
In base 14, what is 53c - 24a5?
-1d67
In base 4, what is 3 - 3033233130?
-3033233121
In base 6, what is -5 - -4342121?
4342112
In base 13, what is -3698 + 430?
-3268
In base 3, what is -10021012111110 + 10?
-10021012111100
In base 7, what is 6 + 133022165?
133022204
In base 9, what is 118668 - -1240?
121018
In base 6, what is 5 - -14402505?
14402514
In base 13, what is -3 + -3567405?
-3567408
In base 3, what is -2 + -12002202001100?
-12002202001102
In base 4, what is 10112033 - -10313?
10123012
In base 11, what is 1 + -21006395?
-21006394
In base 5, what is -1130 + -404424213?
-404430343
In base 2, what is -1011001001111011 - -111011101?
-1011000010011110
In base 15, what is 3 - -4a95b77?
4a95b7a
In base 11, what is 5764a + 183?
57822
In base 16, what is 16b6 - 8a?
162c
In base 8, what is -62053512 - -13?
-62053477
In base 14, what is 875 - -c207b?
c2912
In base 8, what is -5145365 + -1?
-5145366
In base 9, what is -50 + 115750?
115700
In base 13, what is -1a6907 - -397?
-1a6540
In base 4, what is -102 + 1212022310?
1212022202
In base 2, what is 111111010000010001 - -1011010110?
111111011011100111
In base 6, what is -14 - -1120301354?
1120301340
In base 5, what is 22 - -1214214?
1214241
In base 6, what is -44 - -3212444?
3212400
In base 7, what is 5 + -4525432?
-4525424
In base 9, what is 25747 - -2332?
28180
In base 7, what is 41 - 120051266?
-120051225
In base 15, what is -4 + 3c041e?
3c041a
In base 10, what is -2007007 - 203?
-2007210
In base 2, what is -101010 + 11101001011000001000?
11101001010111011110
In base 3, what is -1000111 - -222211012011?
222210011200
In base 5, what is -341 - -1402414?
1402023
In base 2, what is -1000110011011100 - 10100110111?
-1001001000010011
In base 9, what is -4874 - 128413?
-134387
In base 4, what is -13 + 3330331003?
3330330330
In base 13, what is -5 + 885211?
885209
In base 12, what is -51 - -5104b4?
510463
In base 8, what is -73 + 25405370?
25405275
In base 14, what is 2 - -39d373?
39d375
In base 10, what is -288101967 - -1?
-288101966
In base 10, what is 11582 + -351?
11231
In base 5, what is 102003 + 10031?
112034
In base 11, what is 71 - 99aa46?
-99a985
In base 6, what is 1131 + -545?
142
In base 12, what is 588419a - 27?
5884173
In base 7, what is -51065 - -121405?
40310
In base 4, what is 2030121210 - 2?
2030121202
In base 16, what is -262b33 - -3?
-262b30
In base 9, what is -28 + -4077524?
-4077553
In base 8, what is -30 + 236326?
236276
In base 7, what is 31144404 + 5?
31144412
In base 7, what is 3 - -6412441?
6412444
In base 15, what is -1 - -4b6a71?
4b6a70
In base 2, what is -11010101110100011 + 1100010101?
-11010100010001110
In base 9, what is -411463 + -2850?
-414423
In base 12, what is 85ba + 140a?
9a08
In base 9, what is -6128072 - 4?
-6128076
In base 7, what is -5050544 - 1055?
-5051632
In base 12, what is 1b77b7 + -74?
1b7743
In base 15, what is -573 - -ab956?
ab3d3
In base 7, what is -42034213 - 101?
-42034314
In base 14, what is -305b - -aca?
-2371
In base 8, what is 466251073 + 0?
466251073
In base 2, what is -1111010110 - -101111000101100101?
101110110110001111
In base 14, what is -5 - 5c95a5?
-5c95aa
In base 11, what is a2 - 879a87?
-879995
In base 8, what is 2077601 - -533?
2100334
In base 10, what is 604 - 44192?
-43588
In base 11, what is 14609620 + -7?
14609614
In base 2, what is 110110000000011 + 1011011?
110110001011110
In base 16, what is d - d4952?
-d4945
In base 3, what is 11000 - 2100220220112?
-2100220202112
In base 16, what is 5 + -1a61c?
-1a617
In base 12, what is -3 - 248408a?
-2484091
In base 7, what is 1253331 - -12?
1253343
In base 11, what is -13420 + -2443?
-15863
In base 2, what is 100 - -10000110011101011011010101100?
10000110011101011011010110000
In base 7, what is -1150420 + 521?
-1146566
In base 7, what is 2501003 + 0?
2501003
In base 8, what is -1624 + 445321?
443475
In base 7, what is -4621 - 43550?
-51501
In base 7, what is -2 - -14164126?
14164124
In base 3, what is 20122212202 + 100?
20122220002
In base 8, what is -4522 - -135713?
131171
In base 5, what is -3 + 22211041312?
22211041304
In base 2, what is -1001010 + -100011001100100000?
-100011001101101010
In base 8, what is 214757 + -1401?
213356
In base 4, what is -23 + -10301232330202?
-10301232330231
In base 14, what is ba7 - -c40b?
d1b4
In base 10, what is -189130168 - 5?
-189130173
In base 10, what is 1150593 + -3?
1150590
In base 4, what is 1000 + 11113103111?
11113110111
In base 13, what is -201626 - 21a?
-201843
In base 5, what is 1032 + -221431212?
-221430130
In base 9, what is -168708 + -536?
-170345
In base 10, what is 3 - -1308163?
1308166
In base 11, what is 5 + 5910329?
5910333
In base 16, what is 25267 - -9?
25270
In base 16, what is 136995 + 2?
136997
In base 16, what is 4 - -c323f?
c3243
In base 11, what is -112963a - -4?
-1129636
In base 13, what is -c4910 + -2b?
-c493b
In base 3, what is 100212222 + -112100?
100100122
In base 10, what is 411 + 206061?
206472
In base 14, what is -57b + -1bbd?
-235a
In base 16, what is 6b + 5b62?
5bcd
In base 5, what is 131044014 + -1443?
131042021
In base 13, what is -118b3b + -3?
-118b41
In base 5, what is -1020222 + -2434111?
-4004333
In base 11, what is 2242825 - 14?
2242811
In base 3, what is 2 + 212010102221210?
212010102221212
In base 7, what is 436466 - 15000?
421466
In base 14, what is -2 - 11c457?
-11c459
In base 15, what is -2e93c + 1?
-2e93b
In base 8, what is 0 + 72673534?
72673534
In base 11, what is 4 - 19629a1?
-1962998
In base 2, what is -10110100011000110000010 - -10000101?
-10110100011000011111101
In base 16, what is cebe93 - -1?
cebe94
In base 12, what is -911757 - 2?
-911759
In base 3, what is -102011 + -10010102001?
-100102